f 1150?
True
Is 846041056 a multiple of 3736?
False
Is 46483500 a multiple of 21?
True
Does 4092 divide 43418977?
False
Is 1236 a factor of 241033557?
False
Does 145 divide 19554308?
False
Does 259 divide 4598681?
False
Does 839 divide 1111531531?
True
Does 213 divide 23093034?
True
Does 59 divide 15736185?
True
Is 126788404 a multiple of 691?
False
Does 184 divide 154319949?
False
Does 188 divide 334577312?
False
Is 88153636 a multiple of 684?
False
Is 2420916329 a multiple of 28?
False
Is 2099 a factor of 28693330?
True
Does 20 divide 52877520?
True
Does 99 divide 3959703?
True
Is 14553640 a multiple of 20?
True
Does 6 divide 5041890?
True
Is 118470746 a multiple of 1654?
False
Is 1497940084 a multiple of 323?
False
Does 1494 divide 51766264?
False
Does 933 divide 169282917?
False
Does 49 divide 73552271?
False
Is 11 a factor of 82665248?
False
Is 411 a factor of 122359153?
False
Is 484 a factor of 985420705?
False
Is 9 a factor of 7478338?
False
Does 20 divide 46042420?
True
Is 4 a factor of 576938460?
True
Is 145 a factor of 2044355?
True
Is 132 a factor of 9078564?
True
Does 447 divide 91867149?
False
Is 8399 a factor of 1993396608?
False
Is 503 a factor of 5966100?
False
Does 1537 divide 53988195?
False
Does 1942 divide 148099669?
False
Does 508 divide 14081252?
True
Is 168554585 a multiple of 2663?
True
Is 545462867 a multiple of 3077?
True
Is 3583096300 a multiple of 13?
False
Is 1324989240 a multiple of 7836?
True
Does 17 divide 1483649348?
False
Is 444 a factor of 1507526579?
False
Is 1288 a factor of 108966503?
False
Is 30 a factor of 9220980?
True
Is 333294568 a multiple of 144?
False
Does 731 divide 22347021?
False
Is 173 a factor of 835443642?
True
Is 112272842 a multiple of 41?
True
Is 480723980 a multiple of 212?
False
Is 981632280 a multiple of 14?
False
Is 32581051 a multiple of 19?
False
Is 1611052013 a multiple of 197?
True
Is 11 a factor of 231345355?
False
Does 3402 divide 31597776?
True
Does 1353 divide 23400744?
False
Is 1574738696 a multiple of 136?
True
Is 135680 a multiple of 3?
False
Does 45 divide 64604107?
False
Is 14305718 a multiple of 14?
True
Does 2393 divide 474080347?
False
Does 46 divide 73841592?
True
Does 13 divide 41506738?
True
Is 815404213 a multiple of 1261?
True
Is 113 a factor of 13618195?
True
Is 361 a factor of 41662288?
True
Is 1752864 a multiple of 304?
True
Is 15 a factor of 60659686?
False
Does 27 divide 1018825503?
False
Does 16 divide 571304672?
True
Is 867244380 a multiple of 5?
True
Does 814 divide 44175780?
True
Does 2461 divide 1431637530?
True
Is 363 a factor of 24783462?
True
Is 710 a factor of 88833762?
False
Is 3237 a factor of 674639355?
True
Does 161 divide 159885988?
False
Does 5 divide 157111322?
False
Is 27 a factor of 36366313?
False
Does 2880 divide 293898240?
True
Is 42 a factor of 376780623?
False
Is 13675222 a multiple of 82?
True
Does 529 divide 174613907?
True
Does 233 divide 223731959?
True
Is 763090164 a multiple of 2879?
False
Is 9512 a factor of 2516111247?
False
Does 2 divide 12849268?
True
Does 544 divide 1099367424?
True
Is 582 a factor of 92463504?
True
Does 1932 divide 3607932720?
True
Is 53447977 a multiple of 11?
True
Is 261 a factor of 220014648?
True
Is 879 a factor of 119613522?
False
Is 18 a factor of 41732280?
True
Does 12 divide 626445393?
False
Is 62 a factor of 221432964?
False
Is 5886 a factor of 1623658730?
False
Does 17 divide 40871196?
True
Does 135 divide 30903694?
False
Is 20 a factor of 180273860?
True
Does 65 divide 4332799120?
True
Does 4694 divide 1536820294?
True
Is 443 a factor of 32052822?
True
Does 21 divide 674159052?
True
Is 29627622 a multiple of 289?
False
Is 5516700 a multiple of 426?
True
Is 1261197994 a multiple of 3062?
True
Is 7333455 a multiple of 15?
True
Is 15 a factor of 277701375?
True
Is 214 a factor of 49887025?
False
Is 674164162 a multiple of 25?
False
Is 42 a factor of 32221560?
True
Is 12603785 a multiple of 29?
False
Is 9 a factor of 16780743?
True
Is 195429888 a multiple of 1152?
True
Is 532010 a multiple of 12?
False
Is 5048596045 a multiple of 13?
False
Is 1093568693 a multiple of 5?
False
Does 8 divide 207725367?
False
Does 61 divide 395484777?
True
Is 4007665090 a multiple of 65?
True
Is 82 a factor of 693345834?
True
Is 543 a factor of 3326466327?
True
Is 16 a factor of 17890944?
True
Is 48 a factor of 38930112?
True
Is 139 a factor of 4810373?
True
Does 463 divide 124859525?
True
Does 7 divide 33953355?
False
Is 407149806 a multiple of 951?
False
Is 73681968 a multiple of 12?
True
Does 75 divide 54063404?
False
Is 27 a factor of 43843910?
False
Is 4 a factor of 12244784?
True
Is 220 a factor of 3202352040?
False
Is 6304335 a multiple of 3?
True
Is 870874260 a multiple of 181?
True
Does 145 divide 1762029270?
True
Does 4431 divide 2200221912?
True
Is 733716 a multiple of 89?
True
Is 7 a factor of 2047179497?
False
Is 10106217 a multiple of 37?
True
Is 267 a factor of 292895796?
True
Is 919295289 a multiple of 33?
True
Is 25654782 a multiple of 59?
False
Is 657141615 a multiple of 15?
True
Does 908 divide 502195055?
False
Is 1666653401 a multiple of 936?
False
Is 16 a factor of 82070626?
False
Is 33 a factor of 25126573?
False
Does 76 divide 367847145?
False
Does 57 divide 139221703?
False
Is 34 a factor of 267458064?
False
Is 36 a factor of 1912716?
True
Does 44 divide 20159329?
False
Is 628222660 a multiple of 4?
True
Does 324 divide 2804896836?
True
Is 3709 a factor of 1386880407?
True
Is 35352148 a multiple of 278?
True
Is 230 a factor of 1095477961?
False
Is 2306123974 a multiple of 4103?
True
Is 3801 a factor of 94405437?
True
Is 2877882325 a multiple of 2105?
True
Does 4595 divide 696817965?
True
Is 585410540 a multiple of 44?
True
Is 7 a factor of 1214574606?
True
Does 2 divide 6992329?
False
Does 6 divide 819255576?
True
Does 12 divide 1617957120?
True
Does 11 divide 142867337?
False
Is 16 a factor of 2876320?
True
Is 32616992 a multiple of 16?
True
Is 2 a factor of 5672197?
False
Is 6247800 a multiple of 77?
False
Does 73 divide 37952484?
False
Is 605 a factor of 270088335?
True
Does 33 divide 15622827?
True
Does 756 divide 1429355592?
True
Is 11868696 a multiple of 12?
True
Is 9974 a factor of 2792011846?
True
Is 2420 a factor of 112498540?
True
Does 194 divide 1156196592?
False
Is 81137736 a multiple of 2722?
False
Is 1607 a factor of 289902800?
True
Does 13 divide 367012308?
True
Is 2 a factor of 64133438?
True
Is 46003254 a multiple of 8?
False
Is 1169852868 a multiple of 14?
False
Is 1068 a factor of 1003080552?
True
Is 12 a factor of 45460155?
False
Does 45 divide 620326420?
False
Does 245 divide 47999222?
False
Does 10 divide 49061420?
True
Is 19 a factor of 1783642525?
False
Is 358510705 a multiple of 85?
True
Is 82727397 a multiple of 301?
False
Is 5062389836 a multiple of 28?
True
Is 1210 a factor of 1064705855?
False
Is 50454737 a multiple of 33?
False
Does 20 divide 275764248?
False
Does 164 divide 7286582?
False
Does 670 divide 23947810?
True
Is 27 a factor of 92440346?
False
Is 10887 a factor of 5815530564?
True
Does 170 divide 32389930?
True
Does 3347 divide 254619678?
True
Is 790 a factor of 38103238?
False
Does 10 divide 24863578?
False
Is 76 a factor of 7829190?
False
Does 148 divide 18952543?
False
Is 182 a factor of 551768528?
False
Does 14 divide 13566384?
False
Is 38 a factor of 2250453846?
False
Is 47 a factor of 4092478?
True
Does 60 divide 663386468?
False
Does 5925 divide 352122889?
False
Is 1076 a factor of 121737520?
False
Does 27 divide 15909002?
False
Is 43 a factor of 15122756?
True
Is 46 a factor of 19450800?
False
Is 26 a factor of 1422618314?
True
Is 13 a factor of 48881859?
True
Is 3 a factor of 7692079?
False
Is 83855625 a multiple of 128?
False
Does 6 divide 7376818?
False
Does 1718 divide 35303861?
False
Is 2 a factor of 92725226?
True
Is 31 a factor of 24280504?
False
Does 178 divide 224864692?
False
Does 91 divide 101165701?
True
Is 50 a factor of 97831250?
True
Does 319 divide 27550206?
False
Is 16 a factor of 5360128?
True
Is 58952298 a multiple of 220?
False
Does 92 divide 541728384?
True
Is 42 a factor of 812898?
False
Is 1332 a factor of 206783945?
False
Does 11 divide 897662644?
False
Does 550 divide 10354185?
False
Is 5 a factor of 639721585?
True
Does 